factor of 7812 and 378?
126
Calculate the greatest common factor of 207 and 45.
9
What is the greatest common factor of 85 and 85?
85
Calculate the greatest common factor of 315 and 35.
35
What is the greatest common divisor of 640 and 768?
128
Calculate the greatest common factor of 4263 and 174.
87
Calculate the highest common divisor of 60 and 2952.
12
Calculate the highest common divisor of 10465 and 25.
5
Calculate the highest common factor of 45 and 645.
15
Calculate the greatest common divisor of 600 and 150.
150
Calculate the greatest common factor of 95 and 3097.
19
What is the greatest common factor of 26 and 221?
13
What is the greatest common divisor of 497 and 142?
71
Calculate the highest common divisor of 8 and 184.
8
What is the highest common factor of 120 and 2715?
15
Calculate the highest common factor of 589 and 57.
19
Calculate the highest common factor of 11 and 341.
11
Calculate the highest common divisor of 22 and 15664.
22
What is the highest common divisor of 13 and 4797?
13
What is the greatest common factor of 3206 and 14?
14
Calculate the greatest common factor of 76 and 1102.
38
Calculate the greatest common divisor of 42 and 546.
42
What is the highest common factor of 18117 and 693?
99
What is the highest common factor of 1216 and 228?
76
What is the highest common divisor of 4 and 2253?
1
Calculate the highest common divisor of 2 and 16.
2
Calculate the greatest common factor of 20 and 20.
20
What is the highest common divisor of 108 and 72?
36
What is the greatest common factor of 408 and 72?
24
What is the greatest common factor of 115 and 21965?
115
Calculate the highest common divisor of 20 and 290.
10
What is the highest common divisor of 248 and 310?
62
Calculate the greatest common divisor of 289 and 425.
17
Calculate the highest common factor of 1210 and 70.
10
Calculate the greatest common divisor of 15786 and 18.
18
What is the highest common divisor of 28 and 252?
28
What is the greatest common divisor of 123 and 41?
41
What is the highest common divisor of 884 and 988?
52
Calculate the highest common factor of 58 and 667.
29
What is the highest common divisor of 36 and 162?
18
Calculate the highest common factor of 578 and 8.
2
Calculate the highest common factor of 138 and 345.
69
What is the highest common divisor of 188 and 141?
47
Calculate the greatest common factor of 61 and 1220.
61
What is the highest common factor of 31 and 19?
1
What is the greatest common divisor of 85 and 340?
85
What is the greatest common divisor of 10184 and 67?
67
Calculate the greatest common factor of 93 and 744.
93
Calculate the greatest common factor of 132 and 1650.
66
What is the greatest common divisor of 41 and 123?
41
Calculate the highest common divisor of 70 and 280.
70
What is the highest common divisor of 2 and 604?
2
What is the greatest common factor of 28 and 12124?
28
What is the greatest common factor of 42 and 27342?
42
Calculate the greatest common divisor of 12 and 156.
12
Calculate the greatest common divisor of 43 and 731.
43
What is the highest common factor of 16068 and 468?
156
Calculate the highest common divisor of 12 and 32532.
12
Calculate the greatest common divisor of 230 and 10.
10
Calculate the greatest common factor of 10 and 4145.
5
Calculate the greatest common factor of 48 and 216.
24
What is the greatest common divisor of 77 and 209?
11
What is the greatest common divisor of 102 and 289?
17
What is the greatest common divisor of 36 and 14?
2
Calculate the highest common divisor of 3232 and 224.
32
Calculate the greatest common factor of 4609 and 33.
11
What is the greatest common factor of 510 and 30?
30
Calculate the highest common divisor of 205 and 41.
41
What is the greatest common divisor of 3462 and 6?
6
What is the greatest common factor of 90 and 690?
30
What is the greatest common divisor of 2050 and 100?
50
What is the highest common divisor of 8 and 7856?
8
What is the highest common factor of 738 and 18?
18
Calculate the highest common divisor of 5047 and 49.
49
What is the greatest common divisor of 1254 and 2?
2
What is the highest common divisor of 1748 and 1140?
76
What is the greatest common divisor of 38 and 11970?
38
Calculate the greatest common divisor of 43 and 2623.
43
Calculate the greatest common divisor of 144 and 32.
16
What is the highest common divisor of 175 and 200?
25
Calculate the highest common factor of 588 and 132.
12
Calculate the greatest common factor of 124 and 837.
31
Calculate the greatest common factor of 357 and 189.
21
Calculate the highest common divisor of 88 and 28.
4
What is the highest common divisor of 1580 and 15484?
316
What is the highest common factor of 43 and 100620?
43
What is the highest common factor of 2812 and 148?
148
Calculate the highest common factor of 115 and 60.
5
What is the greatest common divisor of 23 and 92?
23
What is the highest common divisor of 41 and 22427?
41
What is the highest common divisor of 575 and 50?
25
Calculate the highest common factor of 1701 and 4617.
243
What is the highest common divisor of 22 and 902?
22
What is the greatest common factor of 2 and 100?
2
Calculate the greatest common divisor of 1278 and 18.
18
What is the highest common divisor of 784 and 294?
98
Calculate the greatest common divisor of 2370 and 2133.
237
Calculate the greatest common divisor of 517 and 376.
47
What is the greatest common divisor of 264 and 3102?
66
Calculate the greatest common factor of 315 and 45.
45
Calculate the highest common divisor of 34 and 1258.
34
What is the greatest common divisor of 118 and 81538?
118
What is the highest common divisor of 1194 and 12?
6
What is the highest common divisor of 423 and 47?
47
Calculate the highest common factor of 385 and 35.
35
What is the greatest common factor of 57 and 2451?
57
Calculate the greatest common divisor of 216 and 270.
54
Calculate the greatest common divisor of 171 and 114.
57
Calculate the highest common factor of 132 and 12.
12
Calculate the greatest common factor of 18 and 36.
18
Calculate the highest common divisor of 21 and 7203.
21
Calculate the highest common factor of 3145 and 85.
85
What is the highest common factor of 2025 and 175?
25
Calculate the highest common factor of 364 and 41678.
182
Calculate the highest common factor of 45 and 1071.
9
What is the greatest common factor of 34 and 306?
34
What is the greatest common divisor of 552 and 1242?
138
Calculate the greatest common factor of 1250 and 10.
10
Calculate the greatest common divisor of 230 and 805.
115
Calculate the highest common divisor of 12 and 1712.
4
What is the highest common divisor of 9 and 1179?
9
What is the greatest common divisor of 112 and 1162?
14
Calculate the highest common divisor of 608 and 19.
19
Calculate the highest common divisor of 1 and 43.
1
Calculate the greatest common factor of 1572 and 96.
12
Calculate the highest common factor of 234 and 54.
18
Calculate the greatest common divisor of 1314 and 803.
73
Calculate the highest common factor of 184 and 276.
92
Calculate the highest common divisor of 119 and 221.
17
Calculate the greatest common factor of 93 and 186.
93
Calculate the highest common divisor of 75 and 66.
3
Calculate the greatest common divisor of 2 and 806.
2
What is the greatest common factor of 62 and 2?
2
What is the greatest common factor of 207 and 276?
69
Calculate the highest common factor of 1 and 127.
1
What is the greatest common factor of 32 and 176?
16
Calculate the highest common divisor of 805 and 21.
7
What is the greatest common factor of 630 and 224?
14
Calculate the highest common factor of 19 and 361.
19
What is the highest common divisor of 329 and 423?
47
Calculate the highest common divisor of 36 and 16668.
36
Calculate the greatest common divisor of 33 and 27.
3
What is the highest common divisor of 14559 and 69?
69
What is the greatest common factor of 532 and 154?
14
What is the greatest common divisor of 19 and 152?
19
What is the greatest common divisor of 134 and 1273?
67
What is the highest common factor of 339 and 791?
113
What is the greatest common factor of 95 and 304?
19
Calculate the greatest common divisor of 72 and 225.
9
Calculate the greatest common factor of 24 and 1152.
24
What is the